14, what is -7 + -46?
-4d
In base 13, what is 4 - 72b?
-727
In base 15, what is 2 + -185?
-183
In base 15, what is 63 + 0?
63
In base 16, what is 28 - a?
1e
In base 13, what is -4 - 4c?
-53
In base 12, what is 3 - -24?
27
In base 4, what is 1 + -110002?
-110001
In base 9, what is 4 + 53?
57
In base 9, what is 4 - 2137?
-2133
In base 2, what is -101000 - 10?
-101010
In base 8, what is 60 + -4?
54
In base 4, what is -12 - -1203?
1131
In base 15, what is -43 + -6?
-49
In base 7, what is -1 - 11410?
-11411
In base 10, what is -3 + 85?
82
In base 14, what is -16b + -7?
-174
In base 4, what is 13123001 + 0?
13123001
In base 10, what is 1 + -20?
-19
In base 10, what is 5112 + 1?
5113
In base 6, what is 3403 + -4?
3355
In base 6, what is 5 + -254?
-245
In base 8, what is 552 + -2?
550
In base 14, what is 1623 + 0?
1623
In base 12, what is -3 + 24?
21
In base 3, what is -12010200 - -12?
-12010111
In base 8, what is -1076 - -2?
-1074
In base 3, what is 10 + -11021?
-11011
In base 13, what is -2 - 11?
-13
In base 2, what is 10 + 100011110?
100100000
In base 16, what is -1 + 66?
65
In base 2, what is -111110111 - 11?
-111111010
In base 10, what is 185 - -4?
189
In base 12, what is -2 + 48?
46
In base 4, what is -1003 + 1000?
-3
In base 14, what is 1c12 - -2?
1c14
In base 7, what is 460 + -35?
422
In base 8, what is -15 + -113?
-130
In base 10, what is -4 + -66?
-70
In base 8, what is 4 - -722?
726
In base 5, what is 11 + 21024?
21040
In base 8, what is -3 - 106?
-111
In base 16, what is 35d8 - -2?
35da
In base 13, what is 3 + 5?
8
In base 13, what is 89 - 17?
72
In base 6, what is 1454 + -4?
1450
In base 2, what is -110101011 + 110111?
-101110100
In base 16, what is 4 + -182?
-17e
In base 9, what is -112 - 0?
-112
In base 12, what is -20a + 8?
-202
In base 15, what is -1 - 21?
-22
In base 4, what is 111 + -20131?
-20020
In base 7, what is 4 + -26145?
-26141
In base 7, what is 150 - 1?
146
In base 12, what is -b - -5b?
50
In base 2, what is 11010100 - 1000101?
10001111
In base 4, what is -1112 - 23?
-1201
In base 6, what is -510 - 24?
-534
In base 14, what is 6 - -103?
109
In base 13, what is 11 + a?
1b
In base 7, what is 21 + -5?
13
In base 2, what is -101 - -1010110?
1010001
In base 11, what is -6 - 84?
-8a
In base 8, what is 225 - -44?
271
In base 9, what is 2 - 710?
-707
In base 14, what is -bd - -b?
-b2
In base 10, what is 1125 - 3?
1122
In base 10, what is -972 + 2?
-970
In base 11, what is -5 + 64?
5a
In base 10, what is -69 + -11?
-80
In base 4, what is -33 + 10?
-23
In base 5, what is -21 - 314?
-340
In base 12, what is -14 + 0?
-14
In base 10, what is -297 + 1?
-296
In base 11, what is 133 + -23?
110
In base 12, what is -1a5 + 2?
-1a3
In base 2, what is -1101 + 111?
-110
In base 11, what is 948 + 3?
950
In base 6, what is 2 + -300?
-254
In base 7, what is 2 - -6?
11
In base 8, what is 4 + -630?
-624
In base 4, what is -131231 + -10?
-131301
In base 2, what is -110000 + 111001000?
110011000
In base 14, what is 1a + -1d?
-3
In base 11, what is 3134 + -5?
312a
In base 13, what is 458 + 1?
459
In base 3, what is 101 + -121011?
-120210
In base 6, what is 243 - 22?
221
In base 5, what is 114 + 442?
1111
In base 13, what is a + 64a?
657
In base 13, what is 56 - -b?
64
In base 8, what is 424 + 3?
427
In base 5, what is 1103 + -33?
1020
In base 9, what is 11 + -1512?
-1501
In base 11, what is 239 + -4?
235
In base 3, what is 222 - 121?
101
In base 4, what is -122 + -32?
-220
In base 6, what is 101225 + -3?
101222
In base 15, what is 17 - 1d?
-6
In base 12, what is -4 - 29?
-31
In base 12, what is -185 - -36?
-14b
In base 10, what is 0 + -221?
-221
In base 16, what is 4 - db?
-d7
In base 5, what is 200 + -3321?
-3121
In base 2, what is -10 - 1000?
-1010
In base 10, what is -4 + 49?
45
In base 13, what is 16 + -15?
1
In base 10, what is 218 + 5?
223
In base 8, what is 51 - -4?
55
In base 7, what is -1 + 4202?
4201
In base 2, what is 1 - -100011?
100100
In base 10, what is 365 + -3?
362
In base 14, what is -75d3 - 1?
-75d4
In base 7, what is -236 + -20?
-256
In base 13, what is 5 + -74?
-6c
In base 13, what is 3 - 3b9?
-3b6
In base 9, what is -5 - 12?
-17
In base 10, what is -925 - 10?
-935
In base 9, what is 16 + 4?
21
In base 15, what is -1b1 + -5?
-1b6
In base 11, what is 2 - 97?
-95
In base 4, what is 3 - -1002?
1011
In base 7, what is 15 + -522?
-504
In base 3, what is 2 + -1021200?
-1021121
In base 4, what is 0 + -103?
-103
In base 2, what is -1 - -1101101?
1101100
In base 9, what is 702 - 5?
686
In base 2, what is -10 - 101111100?
-101111110
In base 6, what is -411 - 55?
-510
In base 13, what is 18 + 1?
19
In base 11, what is 2343 + 0?
2343
In base 6, what is -14 + -102?
-120
In base 4, what is -11 - -120?
103
In base 8, what is 3 + -17?
-14
In base 9, what is 5 - -113?
118
In base 14, what is 4 + 900?
904
In base 10, what is 5 + 12?
17
In base 9, what is -368 - -4?
-364
In base 16, what is 12 - -2?
14
In base 4, what is 201010 - 0?
201010
In base 14, what is -2 + 193?
191
In base 2, what is 1100001011011 - -10?
1100001011101
In base 15, what is -5 - 84?
-89
In base 16, what is -31 - 1?
-32
In base 5, what is -10 + -333?
-343
In base 3, what is 0 - -20110?
20110
In base 9, what is 5 + 2247?
2253
In base 15, what is 3 + 3?
6
In base 14, what is -151 - -3?
-14c
In base 10, what is -1 + -13?
-14
In base 8, what is 163 + 0?
163
In base 3, what is -1100 + -20?
-1120
In base 13, what is -67 + 28?
-3c
In base 7, what is -4 + -11101?
-11105
In base 16, what is -1 - 37?
-38
In base 2, what is -10 + 110111110?
110111100
In base 6, what is -1 + 231?
230
In base 3, what is -201222 - -11?
-201211
In base 6, what is 4532 - 2?
4530
In base 6, what is -13235 + -1?
-13240
In base 10, what is 844 - 3?
841
In base 11, what is -4 + -a7?
-100
In base 13, what is a - -64?
71
In base 15, what is 45e - 2?
45c
In base 6, what is -400 + 3?
-353
In base 3, what is -112210120 + 1?
-112210112
In base 13, what is -1 + -a14?
-a15
In base 7, what is -16 - 22?
-41
In base 13, what is 28 - 9?
1c
In base 16, what is 0 + 1f?
1f
In base 10, what is -2 + 249?
247
In base 12, what is -8 + 20?
14
In base 13, what is -a + 182?
175
In base 14, what is 3 - -22?
25
In base 14, what is 2 + 11a?
11c
In base 14, what is 5 + a6?
ab
In base 16, what is 7 + d?
14
In base 14, what is -31 - -6?
-29
In base 8, what is -24 - -1250?
1224
In base 6, what is 30 - 3?
23
In base 12, what is -5 + 147a?
1475
In base 5, what is 1024 + 14?
1043
In base 15, what is -b42 + -3?
-b45
In base 13, what is -c - -12a?
11b
In base 2, what is -1 + -11110100110?
-11110100111
In base 4, what is -113 + -200?
-313
In base 3, what is -1000 - 12?
-1012
In base 4, what is -3 + 20320?
20311
In base 9, what is -88 - -42?
-46
In base 12, what is -10 - 5?
-15
In base 15, what is -2 - -205?
203
In base 11, what is -212 - -13?
-1aa
In base 13, what is 1a9 + 6?
1b2
In base 4, what is -102 + 23?
-13
In base 9, what is -12 - 67?
-80
In base 3, what is 12211 - -1?
12212
In base 3, what is 1 + 2120112?
2120120
In base 8, what is -1 - 720?
-721
In base 8, what is 10 - 253?
-243
In base 9, what is -2 + -214?
-216
In base 5, what is 3 + -11244?
-11241
In base 8, what is -13 + -21?
-34
In base 2, what is 10 - 10001010100?
-10001010010
In base 2, what is -10101000 - -100?
-10100100
In base 8, what is 3257 - 7?
3250
In base 13, what is -1 + -1?
-2
In base 9, what is 25144 - -1?
25145
In base 10, what is 134 + -5?
129
In base 10, what is 7 - -32?
39
In base 13, what is 2 + -2b7?
-2b5
In base 16, what is 4 + 71?
75
In base 9, what is -1337 + -2?
-1340
In base 14, what is 3 + -18?
-15
In base 13, what is c + 221?
230
In base 10, what is -10 + -29?
-39
In base 16, what is -3 + -3a?
-3d
In base 16, what is 37 - -7?
3e
In base 7, what is -3 + 116?
113
In base 8, what is 4 - -1215?
1221
In base 7, what is 15 + 2?
20
In base 6, what is -31 + -202?
-233
In base 4, what is 132330 - 3?
132321
In base 3, what is 21211 + 11?
21222
In base 12, what is -4 + 32?
2a
In base 16, what is 7 + -91?
-8a
In base 7, what is 5 - 13532?
-13524
In base 15, what is 8 - 84?
-7b
In base 11, what is 0 + -97?
-97
In base 9, what is 5 - -70?
75
In base 16, what is c00 + 2?
c02
In base 2, what is 1010 - 11010111?
-11001101
In base 14, what is -29 + -d?
-38
In base 14, what i